prime factors of 595647.
3, 13, 1697
List the prime factors of 5147601.
3, 1715867
List the prime factors of 1289144.
2, 17, 9479
List the prime factors of 124895.
5, 24979
What are the prime factors of 338454?
2, 3, 18803
What are the prime factors of 3641734?
2, 137, 13291
List the prime factors of 1367990.
2, 5, 13, 17, 619
What are the prime factors of 1509209?
13, 17, 6829
List the prime factors of 437368.
2, 23, 2377
What are the prime factors of 154725?
3, 5, 2063
List the prime factors of 6693931.
6693931
List the prime factors of 2517923.
137, 18379
List the prime factors of 18348518.
2, 47, 195197
What are the prime factors of 337795?
5, 67559
What are the prime factors of 70852?
2, 17713
What are the prime factors of 18967338?
2, 3, 13, 41, 659
What are the prime factors of 115829?
7, 16547
List the prime factors of 474753.
3, 19, 8329
What are the prime factors of 3129321?
3, 13, 80239
What are the prime factors of 32433953?
2671, 12143
List the prime factors of 384902.
2, 7, 19, 1447
What are the prime factors of 3544918?
2, 13, 136343
List the prime factors of 9976200.
2, 3, 5, 13, 1279
What are the prime factors of 521337?
3, 173779
List the prime factors of 642533.
642533
List the prime factors of 521344.
2, 4073
List the prime factors of 947304.
2, 3, 59, 223
List the prime factors of 269626.
2, 7, 19259
What are the prime factors of 182666?
2, 11, 19, 23
What are the prime factors of 174826?
2, 61, 1433
What are the prime factors of 1317183?
3, 7, 62723
What are the prime factors of 32538?
2, 3, 11, 17, 29
What are the prime factors of 971416?
2, 31, 3917
List the prime factors of 12553497.
3, 11, 17, 7459
What are the prime factors of 722645?
5, 7, 11, 1877
List the prime factors of 437209.
19, 23011
What are the prime factors of 558169?
223, 2503
List the prime factors of 24012254.
2, 7, 245023
What are the prime factors of 254368?
2, 7949
What are the prime factors of 1792233?
3, 41, 1619
List the prime factors of 26797414.
2, 7, 97, 2819
List the prime factors of 273690.
2, 3, 5, 3041
What are the prime factors of 596884?
2, 37, 109
What are the prime factors of 1184910?
2, 3, 5, 127, 311
What are the prime factors of 5246000?
2, 5, 43, 61
List the prime factors of 469888.
2, 3671
List the prime factors of 373573.
179, 2087
What are the prime factors of 3187883?
29, 37, 2971
List the prime factors of 114013.
114013
What are the prime factors of 689086?
2, 344543
What are the prime factors of 98238?
2, 3, 7, 2339
What are the prime factors of 198445?
5, 13, 43, 71
List the prime factors of 191323.
11, 17393
List the prime factors of 1613875.
5, 12911
What are the prime factors of 175439?
11, 41, 389
What are the prime factors of 222765?
3, 5, 14851
List the prime factors of 1221951.
3, 407317
List the prime factors of 206689.
7, 29527
List the prime factors of 1781724.
2, 3, 7, 21211
List the prime factors of 323561.
7, 17, 2719
List the prime factors of 238562.
2, 101, 1181
List the prime factors of 831555.
3, 5, 17, 1087
List the prime factors of 2063592.
2, 3, 28661
What are the prime factors of 13731070?
2, 5, 17, 37, 59
What are the prime factors of 3256443?
3, 1489
List the prime factors of 3736763.
3736763
What are the prime factors of 1740652?
2, 113, 3851
List the prime factors of 2412927.
3, 11, 24373
What are the prime factors of 52289?
52289
List the prime factors of 10576000.
2, 5, 661
What are the prime factors of 131616?
2, 3, 457
What are the prime factors of 3506691?
3, 1168897
List the prime factors of 811541.
73, 11117
What are the prime factors of 305746?
2, 7, 21839
What are the prime factors of 1812980?
2, 5, 13, 19, 367
List the prime factors of 883603.
7, 126229
What are the prime factors of 5971592?
2, 11, 31, 199
What are the prime factors of 590286?
2, 3, 131, 751
List the prime factors of 286265.
5, 7, 8179
What are the prime factors of 1686681?
3, 187409
What are the prime factors of 344640?
2, 3, 5, 359
What are the prime factors of 1548197?
7, 221171
List the prime factors of 3067990.
2, 5, 17, 18047
List the prime factors of 1644773.
13, 19, 6659
What are the prime factors of 1952144?
2, 17, 7177
What are the prime factors of 894285?
3, 5, 7, 17, 167
What are the prime factors of 188798?
2, 94399
What are the prime factors of 22226776?
2, 11, 13, 19429
What are the prime factors of 1712122?
2, 856061
List the prime factors of 3186517.
3186517
List the prime factors of 9883386.
2, 3, 739, 743
What are the prime factors of 587221?
29, 20249
What are the prime factors of 142801?
61, 2341
List the prime factors of 516903.
3, 43, 4007
List the prime factors of 1182245.
5, 236449
List the prime factors of 146561.
113, 1297
What are the prime factors of 176958?
2, 3, 29, 113
List the prime factors of 19904628.
2, 3, 19, 67, 1303
What are the prime factors of 3761728?
2, 53, 1109
What are the prime factors of 14325035?
5, 2865007
What are the prime factors of 190267?
7, 11, 353
List the prime factors of 205737.
3, 7, 97, 101
List the prime factors of 4294712.
2, 536839
What are the prime factors of 2503775?
5, 100151
List the prime factors of 2341312.
2, 36583
List the prime factors of 30361296.
2, 3, 7, 109, 829
What are the prime factors of 26346?
2, 3, 4391
List the prime factors of 137471.
23, 43, 139
What are the prime factors of 2022940?
2, 5, 41, 2467
What are the prime factors of 981755?
5, 23, 8537
List the prime factors of 355298.
2, 59, 3011
List the prime factors of 10495823.
13, 807371
List the prime factors of 3413265.
3, 5, 313, 727
List the prime factors of 13867545.
3, 5, 924503
List the prime factors of 8668374.
2, 3, 11, 13, 10103
List the prime factors of 18625931.
17, 41, 26723
What are the prime factors of 2759098?
2, 1379549
What are the prime factors of 4202710?
2, 5, 420271
List the prime factors of 31372165.
5, 11, 570403
List the prime factors of 5022376.
2, 627797
List the prime factors of 215040.
2, 3, 5, 7
What are the prime factors of 21834?
2, 3, 1213
What are the prime factors of 12379?
12379
What are the prime factors of 1384623?
3, 23, 6689
What are the prime factors of 676960?
2, 5, 4231
What are the prime factors of 2445703?
13, 419, 449
List the prime factors of 6433655.
5, 59, 113, 193
List the prime factors of 7014680.
2, 5, 31, 5657
List the prime factors of 197873.
13, 31, 491
List the prime factors of 1531593.
3, 7, 23, 151
What are the prime factors of 20720546?
2, 7, 11, 157, 857
List the prime factors of 120933.
3, 1493
List the prime factors of 636761.
636761
List the prime factors of 289230.
2, 3, 5, 31, 311
List the prime factors of 1151502.
2, 3, 11, 73, 239
What are the prime factors of 3392291?
7, 484613
List the prime factors of 2794431.
3, 23, 40499
List the prime factors of 16963092.
2, 3, 191, 2467
List the prime factors of 3422.
2, 29, 59
What are the prime factors of 2004658?
2, 139, 7211
List the prime factors of 131563.
17, 71, 109
List the prime factors of 2637241.
59, 44699
What are the prime factors of 16627150?
2, 5, 29, 11467
What are the prime factors of 34216?
2, 7, 13, 47
What are the prime factors of 9197517?
3, 7, 437977
List the prime factors of 229989.
3, 31, 2473
What are the prime factors of 13726164?
2, 3, 29, 39443
List the prime factors of 530406.
2, 3, 79, 373
What are the prime factors of 1610103?
3, 11, 97, 503
What are the prime factors of 6267578?
2, 37, 84697
List the prime factors of 43193095.
5, 11, 785329
List the prime factors of 24684.
2, 3, 11, 17
List the prime factors of 2251034.
2, 31, 36307
List the prime factors of 3267695.
5, 653539
List the prime factors of 2057513.
53, 38821
List the prime factors of 3227096.
2, 403387
List the prime factors of 13661463.
3, 4553821
What are the prime factors of 6134215?
5, 23, 41, 1301
List the prime factors of 657154.
2, 47, 6991
List the prime factors of 2691388.
2, 7, 19, 5059
List the prime factors of 122342.
2, 11, 67, 83
List the prime factors of 626774.
2, 313387
List the prime factors of 157458.
2, 3, 7, 23, 163
List the prime factors of 27320.
2, 5, 683
What are the prime factors of 560488?
2, 70061
What are the prime factors of 481313?
7, 29, 2371
List the prime factors of 16811542.
2, 11, 19, 37, 1087
List the prime factors of 128512.
2, 251
List the prim